the remainder when 113 is divided by p(-9)?
37
Let r(l) = 6*l - 14. What is the remainder when r(11) is divided by 27?
25
Suppose 415 = x + 4*x. Calculate the remainder when x is divided by 28.
27
Let y = -3 + 7. Calculate the remainder when 17 is divided by y.
1
Let k = -4 - -15. Suppose 0 = 2*s - 1 - 11. Calculate the remainder when k is divided by s.
5
Let a(q) = 52*q**3 + 2*q - 2. What is the remainder when a(1) is divided by 11?
8
Let d(g) = -g**2 + 6*g + 7. Let w be d(5). Suppose 5*k - k = w. Suppose -k*i + 2 = -c + 38, 4*c + 3*i - 159 = 0. What is the remainder when c is divided by 10?
9
Suppose -w = 4*w + 25. Let u(j) = 2*j - 16. Let k be u(14). Let o = k + w. What is the remainder when 12 is divided by o?
5
Suppose -3*x + 3*g = 3, 4*x + g - 3*g = 2. What is the remainder when 28 is divided by x/6 - (-220)/15?
13
Suppose 0 = -118*n + 124*n - 96. Calculate the remainder when 190 is divided by n.
14
Let w(n) = -3*n**2 + 3 - 2*n + 2*n**2 + 9*n. Let m be w(6). Calculate the remainder when 2 is divided by m/7 - 4/14.
0
Let b be 2/4*(10 + -6). Suppose -w = b*w. Suppose -3*a - 3*o + 12 = w, 0*a = -2*a - 5*o - 1. What is the remainder when a is divided by 3?
1
Suppose -3 = -5*b + 3*g, g + 0*g - 16 = -4*b. Calculate the remainder when 7 is divided by b.
1
Let c = 49 - 30. Let a = c + -7. Calculate the remainder when 21 is divided by a.
9
What is the remainder when (-1504)/(-36) - (-6)/27 is divided by 9?
6
Suppose -5*q + 4*w = -118, 4*q - 2*w = -4*w + 84. What is the remainder when q is divided by 12?
10
Let o = 64 - 15. Let g be (-6)/(-24) - (-15)/4. Suppose -b = -g*b + 51. What is the remainder when o is divided by b?
15
Suppose 2 = 3*k - 10. What is the remainder when (-183)/(-21) + 4/14 is divided by k?
1
Let a = -13 + 20. Suppose 28 = v + 3. What is the remainder when v is divided by a?
4
Let c(v) = -5 - 16*v - v**3 + 23 - 5 - 12*v**2 - 14. What is the remainder when c(-11) is divided by 19?
16
Suppose -3*b = -0*b - 5*a - 17, -2*a = -3*b + 14. Suppose 0 = b*t - 3 - 53. Calculate the remainder when 41 is divided by t.
13
Let t = 1 - 0. Suppose 0 = -a + 5*z + 39, -2*a = z + 1 - 35. Let i = 20 - a. Calculate the remainder when i is divided by t.
0
Suppose 4*j + u = 38, -2*u - 54 = -5*j - 0*u. What is the remainder when 27 is divided by j?
7
Let c = -13 + 8. Calculate the remainder when 30*-6*1/c is divided by (-6)/(-8) - 73/(-4).
17
Let o = -45 + 86. What is the remainder when o is divided by 11?
8
Suppose -4*v = -0*v + 12. Let w = v + 4. Calculate the remainder when (105/25)/(w/5) is divided by 11.
10
Let z(s) = s - 5. Let q be z(9). Let b(g) = -q*g + 2*g + 0 + 2*g**2 + 4 - 5*g. What is the remainder when b(6) is divided by 18?
16
Let d = 20 + 29. Let c = 72 - d. Let q(z) = -z**3 + 8*z**2 - 4*z - 13. Calculate the remainder when c is divided by q(7).
7
Suppose -4*g = -5*g + 6. Suppose -2*p - 11 = -3*p. What is the remainder when p is divided by g?
5
Suppose 19*c - 128 = 15*c. Let w = -3 + 97. Calculate the remainder when w is divided by c.
30
Let g = -75 - -205. Suppose -u - 4*s + 167 = 2*u, 2*u = 2*s + g. Let y = 10 - -11. What is the remainder when u is divided by y?
19
Suppose 182 + 93 = 5*p. Let v = 93 - p. Calculate the remainder when v is divided by 10.
8
Let l(s) = s**3 - s + 4. Let f be l(0). Suppose -f*n + 54 = -2*n. What is the remainder when n is divided by (-14)/((-1 - 0) + 0)?
13
What is the remainder when 14 is divided by ((-12)/5)/((4/(-10))/1)?
2
Let k(l) = 2*l**2 + 12*l + 10. What is the remainder when k(-8) is divided by 11?
9
Suppose 0 = -a - 5 + 10. What is the remainder when (-2 - -2)/1 - -13 is divided by a?
3
What is the remainder when 18 is divided by 21/(-2)*3/(-9)*2?
4
Suppose 0*q - 4 = -q. Let b = -15 - -22. What is the remainder when b is divided by q?
3
Suppose -37 = -2*o + 17. Let l = o + 7. Let n = l - -3. Calculate the remainder when n is divided by 13.
11
Let c(r) = r**2 - 5*r - 1. Let n be c(5). Calculate the remainder when (-7 + 3)/(n/11) is divided by 15.
14
Suppose 4*d = 5*d - 3. Suppose 4*v = 4*f + d*v - 47, 0 = -3*f - v + 37. Calculate the remainder when 23 is divided by f.
11
Let u be (2 - -1)*(-8)/(-2). Let b be -6 + (0 - 1) - 0. Let y = b + u. What is the remainder when 13 is divided by y?
3
Let s(d) = -16*d**3 - 2*d**2 + 1. Suppose -2*k = -2*r + 13 + 11, -3*k = r + 4. Calculate the remainder when s(-1) is divided by r.
7
Let n = -14 - -36. Suppose -m = 3*c - 6 - 16, 2*c - n = 3*m. Calculate the remainder when 15 is divided by c.
7
Suppose -3*f = -23 - 133. What is the remainder when f is divided by 14?
10
Let s(z) be the first derivative of z**2/2 + 7*z - 1. Let x be s(5). Suppose p = 7 + x. Calculate the remainder when p is divided by 7.
5
Suppose -264 = 3*o - 7*o. Suppose 2*p = -4*a + 5*p + o, -2*p = -a + 14. What is the remainder when 34 is divided by a?
16
Let c = 162 - 87. What is the remainder when 16 is divided by c/10*(-4)/(-5)?
4
Suppose -9 - 1 = -2*s. Suppose -s*k = -0*k - 215. What is the remainder when k is divided by 15?
13
Let j = 271 - 176. Calculate the remainder when j is divided by 25.
20
Let b = 25 + -9. Calculate the remainder when (5/25)/(1/305) is divided by b.
13
Suppose 8 = 4*q - 24. What is the remainder when 53 is divided by q?
5
Let o be (-4)/(-14) - 16/7. Let x be (0 - -1)/((-1)/5). Let a = o - x. What is the remainder when 7 is divided by a?
1
Suppose 3*x + 1 = 16, 4*c - 3*x - 13 = 0. What is the remainder when c is divided by 3?
1
Let k be ((-22)/3)/(1/(-12)). Let o = k - 47. Suppose 0 = -4*c - 4*w + 48, 5*w = c - 2 - 22. What is the remainder when o is divided by c?
13
Suppose 0*t - 29 = -2*t + 3*f, 3*t - 4*f - 46 = 0. What is the remainder when 64 is divided by t?
20
Let v = -9 - -47. Calculate the remainder when v is divided by 13.
12
Suppose -3*q + 200 = -d - 195, -3*q - d = -385. What is the remainder when q/18 - (-2)/(-9) is divided by 3?
1
Suppose -3*f + 19 = -44. Suppose -f = -4*m + 43. Calculate the remainder when 61 is divided by m.
13
Suppose -196 = -5*y - 31. Calculate the remainder when y is divided by 9.
6
Suppose 3*u - 131 = -5*b + 26, 5*b - 155 = -5*u. Suppose -2*a + 0*a = -g - b, -a + 21 = -3*g. What is the remainder when 44 is divided by a?
14
Let x = -9 + 10. Let v be (-654)/(-6) - (-1)/x. Suppose 5*g + v = 5*s, -2*g = -s + 2*g + 37. What is the remainder when 49 is divided by s?
15
Suppose -3*t + 123 = 87. Suppose -x + 6 + 1 = 0. What is the remainder when t is divided by x?
5
Suppose -z + g = -11, 0*z = 3*z - 2*g - 37. Let a(m) = -10*m - 18. Calculate the remainder when a(-6) is divided by z.
12
Suppose 7 = 3*c - 11. Suppose 0 = -k - 4*k + 80. What is the remainder when k is divided by c?
4
Let q(s) = -s**3 - 8*s**2 + 8*s - 4. Let u = -22 - -13. Let g be q(u). Suppose -g*o = 104 - 264. What is the remainder when o is divided by 11?
10
Let f be (0 - 5)/(2/(-2)). Suppose 0 = -f*c + g + 146, c = -g + 4*g + 32. Calculate the remainder when c is divided by 16.
13
Let b(u) = 3*u + 4. Let k be b(-4). Let j = -9 - k. What is the remainder when 31 is divided by (-4)/3*j*12?
15
Let d = 4 - -5. Let p(j) = -j**2 + 10*j - 1. Let u(n) = 2*n**2 - 20*n + 2. Let q(v) = -5*p(v) - 2*u(v). What is the remainder when q(12) is divided by d?
7
Let q = 191 + -179. Calculate the remainder when 143 is divided by q.
11
Suppose 3*u = 8*u - 370. What is the remainder when u is divided by 19?
17
Suppose 5*u - 5*o = -25, -u - 3 = -5*o - 14. Let n(s) = -s + 7. What is the remainder when n(5) is divided by 1/(u/(-6) + -1)?
0
Suppose 2*t - 76 = -n, 4*n + 5*t = 77 + 221. What is the remainder when n is divided by 25?
22
Let g(z) = z**2 + 60. Let m be g(0). Suppose -5*r - 2*b + 6*b + 84 = 0, -2*r = 5*b - m. What is the remainder when r is divided by 11?
9
Let p(j) = j**2 + 3*j - 3. Let a(f) = -f**2 - 6*f - 4. What is the remainder when p(-6) is divided by a(-2)?
3
Let z(w) = w**2 - 4. Let b be z(0). Calculate the remainder when 35 is divided by (-4)/b + 9 + -1.
8
Let i(d) = d**2 - 6*d + 5. Let u be i(5). Suppose -w + 3*c = -37 - u, 239 = 5*w + 3*c. What is the remainder when w is divided by 12?
10
Suppose -16 + 178 = 3*j. Suppose -3*b - 80 = -5*r, -2*b + j = 3*r - 5*b. Calculate the remainder when 37 is divided by r.
11
Suppose 5*h = -4*k + 130, 100 = 3*h + 2*h - 2*k. Let b = 51 